osite number?
True
Let f(g) be the third derivative of 2*g**4/3 + 5*g**3/6 - 9*g**2. Is f(8) a prime number?
False
Let n be 3552/9 - 4/12*-1. Suppose -8*s - n = -9*s. Is s a prime number?
False
Let z(f) = -f**3 - 21*f**2 - 96*f + 26. Let y be z(-14). Let m be 1/2 - 51/6. Is (2958/24)/(y/m) prime?
False
Let x(z) = -z**3 - 8*z**2 + 7*z + 2. Let q be x(-9). Let j be (-10)/4*(-32)/q. Is 5/(((-8)/(-94))/j) a prime number?
False
Is 4/3*(-1190442)/(-88) a composite number?
True
Suppose -71444 = -4*m + 2*i, 79*m - 2*i + 53597 = 82*m. Is m a composite number?
False
Let j = 253 - 92. Let q = 376 - j. Is q a composite number?
True
Let y be (-4212)/13 - (-2 - -2). Let u = -121 - y. Is u a prime number?
False
Let j = -7 + 9. Suppose -236 = -j*i - 2*i - 4*z, -5 = z. Suppose -9 = 5*x - i. Is x a prime number?
True
Let z = -3834 + 16397. Is z prime?
False
Let g = -13 + 16. Suppose 7*q - g*q - 2*o = 22, 0 = 3*o + 15. Is 423 - (2 + 6/q) prime?
True
Suppose 0 = b + c - 3944, -4*b + 7490 = -5*c - 8277. Is b composite?
False
Suppose -79*t - 6 = -81*t. Is (2524/12)/(1/t) prime?
True
Let p be (-3)/(-6) - (36/8)/(-1). Suppose 0 = -p*i + 1665 + 1120. Is i composite?
False
Let w(a) = 1170*a**2 - 5*a + 3. Let l be w(3). Is l/9 + (-11)/(-33) prime?
False
Suppose p - 2*y - 5723 = 0, 40372 - 11705 = 5*p + 3*y. Is p prime?
False
Let i(m) = 2*m**3 - 20*m**2 + 13*m - 32. Is i(13) a composite number?
False
Suppose -2*x - 1204 = -2*a - 2872, 0 = 4*x - 3*a - 3333. Is x a prime number?
False
Let k = 6 - -176. Let n = k + -15. Is n composite?
False
Let j be (-119)/(-21) + 0 + (-1)/(-3). Suppose -2*p = j*p - 4136. Is p prime?
False
Let r be ((-12)/4)/(1/(-55)). Let n = r - 83. Is n a prime number?
False
Let g = 2060 + -1221. Is g a prime number?
True
Let b(r) be the first derivative of -r**4/4 - 14*r**3/3 - 3*r**2 - 13*r - 21. Is b(-14) a composite number?
False
Suppose 6*t + 41986 = 13*t. Is t composite?
True
Let a = 12752 - 2455. Is a a prime number?
False
Suppose 2*a - 3*a + 555 = 0. Suppose -22*l + a = -17*l. Is l composite?
True
Let h(n) be the second derivative of 1051*n**4/12 - n**2 - n - 25. Is h(-1) composite?
False
Suppose -5*o = t - 44037, 0 = -4*t + 4*o - 9*o + 176178. Is t a composite number?
True
Suppose a - f - 3486 = 0, 30 = 4*f + 26. Is a a composite number?
True
Suppose i - 10 + 0 = 0. Suppose -4*z + i = -2. Suppose p - z*l = 6*p - 1025, 0 = -3*l. Is p prime?
False
Let b(r) = 801*r + 118. Is b(3) a prime number?
True
Let o be 1*6/(6/6991). Suppose -17947 + o = -12*n. Is n a prime number?
False
Suppose -4*o = m - 4025 + 220, 4*m = o + 15169. Is m a composite number?
False
Let c(n) = -n**2 - 26*n + 1. Let w be c(-26). Suppose 3*r + 1013 = b, -4*r - 9 = -w. Is b prime?
False
Suppose 8*x - 2*s - 52475 + 6427 = 0, 4*s - 23004 = -4*x. Is x a prime number?
False
Let n(j) = j - 18. Let d be n(15). Let t = 44 - d. Suppose -43*i + t*i = 1996. Is i a composite number?
False
Let w be -3 + (-17)/(-6) + (-9)/(-54). Suppose 9*h - 51401 - 736 = w. Is h composite?
True
Let h be ((-2)/(-6) + 0)*36. Suppose -7*l + h = -4*l. Is (904/32)/(1/l) a composite number?
False
Let w be 12/(-20) - 2/5. Let n be w/((-3)/186)*-1. Is 7/21 - n/3 composite?
True
Let u = 1850 + -868. Is u a prime number?
False
Let r(f) = 37*f**2 + 35*f + 47. Is r(28) composite?
True
Let g(w) = 23*w**2 - 5*w - 7. Let n = -22 - -19. Let q be g(n). Suppose 0*r - 5*r + q = 0. Is r prime?
True
Let p(l) be the second derivative of l**4/12 - 7*l**3/6 - 7*l**2/2 + 8*l. Is p(14) a prime number?
False
Suppose 3*l + 4*r - 52727 = 0, -5*r - 17544 = -81*l + 80*l. Is l prime?
True
Suppose -c = -3*y + 398, -4*y - 3*c + 183 = -339. Let s = 239 + y. Is s prime?
False
Let l(z) = -z - 1. Let v(q) = 744*q**2 - 7. Let y(s) = -4*l(s) + v(s). Is y(1) a prime number?
False
Let t = 20492 - 9285. Suppose -8*d = -d - t. Is d a composite number?
False
Suppose -3*b - 123 + 390 = 0. Suppose -2*q = -3*v - 7*q - 178, 3*v - q = -166. Let g = b + v. Is g a composite number?
True
Let h = -6 - 6. Is 5/((h/(-14))/6) prime?
False
Let g(l) = -6*l + 14. Let z be g(4). Is (-20188)/(-20) + (34/z - -3) prime?
True
Suppose -4*l + 16 = 0, -2*l + 112529 = 2*g + g. Is g a composite number?
False
Suppose 0 = 14*s - 2652 - 6854. Is s prime?
False
Let s(b) = -43*b + 3. Suppose -26 = 3*j + 13. Let d = j + 11. Is s(d) a composite number?
False
Suppose -6*b + 1975 + 887 = 0. Let f = b + 32. Is f prime?
True
Suppose 1168*k = 1170*k - 9974. Is k a prime number?
True
Let q = -32 - -42. Is ((-40356)/q)/(-3) - 8/40 prime?
False
Suppose -t - 5*a = -2230, -2*t - 4*a + 4460 = -2*a. Let k be -2 + (-8 + 3)*-1. Suppose 0 = 5*h - r - t, -420 = -4*h + k*h - 5*r. Is h a composite number?
True
Suppose -195*p = -188*p - 2765. Is p a composite number?
True
Let c(k) = -4*k - 8. Let f be c(-3). Suppose 657 = r + 4*b, 4*b + 1812 = f*r - 896. Is r a composite number?
False
Suppose -k + 11172 = -5*d, -6*d + 10*d - 11217 = -k. Is k composite?
False
Let g = 605 + -300. Is 2*g + -11 + 12 a prime number?
False
Suppose -3 - 5 = -4*z. Let l be -13*2*z/(-4). Let a(m) = -m**3 + 13*m**2 + 7*m - 9. Is a(l) a composite number?
True
Let d(r) = 119*r**2 - 2*r - 2. Let y be d(3). Let b(p) = -p**3 + 6*p**2 - 8*p + 1. Let j be b(9). Let v = y + j. Is v composite?
True
Let j be (3/5)/((-3)/(-2865)). Let w = -8 - -15. Suppose -10*p = -w*p - j. Is p prime?
True
Let s(i) = 127*i**2 + 16*i + 86. Is s(-5) prime?
True
Is (-1273)/(-14 + 7 - -6) prime?
False
Let n(r) = 129*r**2 + 19*r + 17. Is n(-6) a composite number?
False
Suppose 0 = -6*m + 8203 - 2449. Is m composite?
True
Let w(v) = -v + 1. Let y(u) = -2*u - 7. Let j(h) = 3*w(h) - y(h). Is j(-5) composite?
True
Let o be 12*(4 - 1/(2/(-63))). Suppose 0 = -3*t - 3*n + 480, t - 169 = n + n. Let x = o - t. Is x prime?
True
Suppose 2103 - 7769 = -2*d. Is d a prime number?
True
Let v(m) = 20 - 56 + 21 - 53*m + 11. Let z = -2 - 1. Is v(z) a composite number?
True
Let f be 6/(-9) + 48328/(-12). Let w = f - -6839. Is w a prime number?
False
Let m be 1*(1*-8)/(-4). Suppose -6*p = -4*p. Suppose p = -2*a - m*a + 932. Is a prime?
True
Suppose p = -2, 5*p + 0*p = 2*y - 10. Suppose -11*b + 7*b + 12340 = y. Is b composite?
True
Is 470328/(-18)*(-3)/4 a composite number?
False
Let q be 83*(3 - 1 - 5). Let j = -70 - q. Is j composite?
False
Let g be 0 + (-62)/(-6) + (-6)/18. Suppose -n - 974 = 5*y - 2*n, 3*n = -4*y - 783. Let u = g - y. Is u a composite number?
True
Let b(p) = 561*p**2 - 3*p. Let u be b(2). Let a = u + -1517. Is a composite?
True
Suppose 9*s + p = 4*s + 21186, -16953 = -4*s - 5*p. Is s a prime number?
False
Is (-9)/21 + ((-834776)/14)/(-2) composite?
True
Suppose 2*f = 6*f. Suppose f = 5*u - b - 0*b - 1050, -5*b = u - 236. Is u composite?
False
Let p(j) = j**3 + 31*j**2 - 30*j - 123. Is p(-29) a prime number?
False
Let d = -144 - -146. Let v(g) be the third derivative of 41*g**6/120 + g**5/30 - g**4/6 + g**3/2 - g**2. Is v(d) a prime number?
True
Suppose 5*b = 2*b + 18. Let g = b - 4. Suppose g*f - 6 + 8 = 0, 4*a = -5*f + 951. Is a prime?
True
Is 1/(2/(-10) - (-26768)/133490) a composite number?
False
Let y be (-2)/(-3 + (-494)/(-166)). Suppose 47 = j - y. Let x = j - -121. Is x composite?
False
Let p be ((24/(-30))/1)/((-3)/(-30)). Let x = 2 - 4. Is (-12)/p*x - -326 a composite number?
True
Suppose -12*x + 9*x + 29559 = 0. Is x a prime number?
False
Suppose -5*t - 4*p + 16378 = 0, -3*t = t + p - 13109. Suppose 3*b = -221 + t. Is b a prime number?
True
Let n be 5/3*-3*(-16)/10. Suppose 0 = -n*u - 322 + 858. Is u a prime number?
True
Let r be 0 - 1 - -3 - 6. Is (r/(-6))/(1 + (-2812)/2820) a composite number?
True
Suppose -30836 = 29*g - 351721. Is g a composite number?
True
Suppose -2*r = -3*q + 15 + 32, 2*r + 8 = 0. Let y(l) = -l**3 + 12*l**2 + 12*l + 28. Is y(q) composite?
True
Suppose 1651 = -48*n + 49*n. Is n a composite number?
True
Let p = -1426 + 3499. Is p composite?
True
Let z = 3522 + -359. Is z composite?
False
Let q = 900 + -637. Let n(f) = 3*f**2 - 1. Let s be n(-1). Suppose -q = -s*b - 1. Is b prime?
True
Suppose 2*w = -3 + 5. Is -1*(-1 + w + -1967) prime?
False
Suppose 7*a - 2704 = 3162. Is a a composite number?
True
Suppose 4*g - 4864 = d, g - 4867 = d - 0*g. Is (d/6)/(1 + 10/(-6)) a prime number?
True
Suppose 10002 = 4*o - 2*y, -o = -4*y -